{"id":69,"date":"2025-05-05T21:40:03","date_gmt":"2025-05-05T18:40:03","guid":{"rendered":"https:\/\/xn--ltkkirppis-q5ac.fi\/?page_id=69"},"modified":"2025-09-20T12:32:26","modified_gmt":"2025-09-20T09:32:26","slug":"etusivu","status":"publish","type":"page","link":"https:\/\/xn--ltkkirppis-q5ac.fi\/","title":{"rendered":"Etusivu"},"content":{"rendered":"\n<div class=\"wp-block-group\"><div class=\"wp-block-group__inner-container is-layout-constrained wp-block-group-is-layout-constrained\"><div class=\"g g-9\"><div class=\"g-single a-28\"><a href=\"https:\/\/www.tepjo.fi\/\" target=\"_blank\"><img decoding=\"async\" src=\"https:\/\/xn--ltkkirppis-q5ac.fi\/wp-content\/uploads\/2025\/10\/Nayttokuva-2025-10-10-kello-10.05.48.png\" \/><\/a><\/div><\/div>\n\n\n<div style=\"height:2rem\" aria-hidden=\"true\" class=\"wp-block-spacer\"><\/div>\n\n\n<div class=\"filter-form\"><form method=\"GET\" action=\"\" id=\"custom-filter-form\"><input type=\"hidden\" name=\"sort\" value=\"\"><input type=\"hidden\" name=\"s\" value=\"\"><input type=\"hidden\" name=\"post_type\" value=\"hp_listing\"><div class=\"hp-form__field hp-form__field--select\"><label class=\"hp-field__label hp-form__label\"><span>Kategoria<\/span><\/label><select name=\"_category\" data-component=\"select\" class=\"hp-field hp-field--select select2-hidden-accessible\" tabindex=\"-1\" aria-hidden=\"true\" required><option value=\"\">Kategoria<\/option><option value=\"29\" >Pelaajat<\/option><option value=\"400\" >Maalivahdit<\/option><option value=\"30\" >Muut varusteet ja tarvikkeet<\/option><option value=\"31\" >Muut j\u00e4\u00e4urheilulajit<\/option><\/select><div class=\"kategoria-error-message\" style=\"display: none; color: #d63384; font-size: 0.875rem; margin-top: 0.25rem; font-family: Arial, Verdana, sans-serif; font-weight: 500;\">Valitse kategoria<\/div><\/div><div class=\"hp-form__field hp-form__field--select\" data-category=\"29\" style=\"display: none;\"><label class=\"hp-field__label hp-form__label\"><span>Alakategoria<\/span><\/label><select name=\"_subcategory_29\" data-component=\"select\" class=\"hp-field hp-field--select select2-hidden-accessible\" tabindex=\"-1\" aria-hidden=\"true\"><option value=\"\">Alakategoria<\/option><option value=\"455\">Kaulasuojat<\/option><\/select><\/div><div class=\"hp-form__field hp-form__field--select\" data-category=\"31\" style=\"display: none;\"><label class=\"hp-field__label hp-form__label\"><span>Alakategoria<\/span><\/label><select name=\"_subcategory_31\" data-component=\"select\" class=\"hp-field hp-field--select select2-hidden-accessible\" tabindex=\"-1\" aria-hidden=\"true\"><option value=\"\">Alakategoria<\/option><option value=\"430\">J\u00e4\u00e4pallo<\/option><\/select><\/div><div class=\"hp-form__field hp-form__field--select\" data-category=\"31\" style=\"display: none;\"><label class=\"hp-field__label hp-form__label\"><span>Tyyppi<\/span><\/label><select name=\"taitoluistelu\" data-component=\"select\" class=\"hp-field hp-field--select select2-hidden-accessible\" tabindex=\"-1\" aria-hidden=\"true\"><option value=\"\">Tyyppi<\/option><option value=\"457\" >Luistimet<\/option><option value=\"459\" >Mailat<\/option><option value=\"458\" >Muut<\/option><\/select><\/div><div class=\"hp-form__field hp-form__field--number-range\"><label class=\"hp-field__label hp-form__label\"><span>Hinta<\/span><\/label><div data-component=\"range-slider\" class=\"hp-field hp-field--number-range\"><input type=\"number\" name=\"hinta[]\" value=\"1\" placeholder=\"Minimi\" step=\"1\" min=\"1\" max=\"99\" data-component=\"number\" class=\"hp-field hp-field--number\"><input type=\"number\" name=\"hinta[]\" value=\"99\" placeholder=\"Maksimi\" step=\"1\" min=\"1\" max=\"99\" data-component=\"number\" class=\"hp-field hp-field--number\"><\/div><\/div><div class=\"hp-form__field hp-form__field--select\"><label class=\"hp-field__label hp-form__label\"><span>Kunto<\/span><\/label><select name=\"kunto\" data-component=\"select\" class=\"hp-field hp-field--select select2-hidden-accessible\" tabindex=\"-1\" aria-hidden=\"true\"><option value=\"\">Kunto<\/option><option value=\"94\" >K\u00e4ytt\u00e4m\u00e4t\u00f6n<\/option><option value=\"95\" >Uudenveroinen<\/option><option value=\"96\" >Hyv\u00e4<\/option><option value=\"97\" >Tyydytt\u00e4v\u00e4<\/option><\/select><\/div><div class=\"hp-form__field hp-form__field--select\" data-category=\"29,400,31\" style=\"display: none;\"><label class=\"hp-field__label hp-form__label\"><span>K\u00e4tisyys<\/span><\/label><select name=\"golfmailan_katisyys\" data-component=\"select\" class=\"hp-field hp-field--select select2-hidden-accessible\" tabindex=\"-1\" aria-hidden=\"true\"><option value=\"\">K\u00e4tisyys<\/option><option value=\"41\" >Left<\/option><option value=\"42\" >Right<\/option><\/select><\/div><div class=\"hp-form__field hp-form__field--select\"><label class=\"hp-field__label hp-form__label\"><span>Ik\u00e4luokka<\/span><\/label><select name=\"pelaajatyyppi\" data-component=\"select\" class=\"hp-field hp-field--select select2-hidden-accessible\" tabindex=\"-1\" aria-hidden=\"true\"><option value=\"\">Ik\u00e4luokka<\/option><option value=\"43\" >Aikuiset<\/option><option value=\"44\" >Junior \/ Int \/ Yth<\/option><\/select><\/div><button type=\"submit\">N\u00e4yt\u00e4 tulokset<\/button><\/form><\/div>\n\n\n\n<div style=\"height:1rem\" aria-hidden=\"true\" class=\"wp-block-spacer\"><\/div>\n\n\n<!-- Either there are no banners, they are disabled or none qualified for this location! -->\n\n\n<div style=\"height:1rem\" aria-hidden=\"true\" class=\"wp-block-spacer\"><\/div>\n\n\n\n<h3 class=\"wp-block-heading\"><strong>Uusimmat<\/strong> <strong>ilmoitukset<\/strong><\/h3>\n\n\n\n<div class=\"wp-block-columns is-layout-flex wp-container-core-columns-is-layout-9d6595d7 wp-block-columns-is-layout-flex\">\n<div class=\"wp-block-column is-layout-flow wp-block-column-is-layout-flow\" style=\"flex-basis:75%\">\n<div class=\"wp-block-group\"><div class=\"wp-block-group__inner-container is-layout-constrained wp-block-group-is-layout-constrained\"><div class=\"hp-listings hp-block hp-grid\"><div class=\"hp-row\"><div class=\"hp-grid__item hp-col-sm-3 hp-col-xs-12\">\n  <article class=\"hp-listing hp-listing--view-block\">\n    <header class=\"hp-listing__header\">\n      <div class=\"hp-listing__image\" data-component=\"carousel-slider\" data-preview=\"false\" data-url=\"https:\/\/xn--ltkkirppis-q5ac.fi\/?hp_listing=testi1\">\n        <a href=\"https:\/\/xn--ltkkirppis-q5ac.fi\/?hp_listing=testi1\">\n          <img decoding=\"async\" src=\"https:\/\/golfkirppis.fi\/wp-content\/plugins\/hivepress\/assets\/images\/placeholders\/image-landscape.svg\" alt=\"testi1\" loading=\"lazy\">\n        <\/a>\n      <\/div>\n    <\/header>\n    <div class=\"hp-listing__content\">\n      <div class=\"hp-listing__categories hp-listing__category\">\n        <a href=\"https:\/\/xn--ltkkirppis-q5ac.fi\/?hp_listing_category=jaapallo\">J\u00e4\u00e4pallo<\/a>\n      <\/div>\n      <h4 class=\"hp-listing__title\"><a href=\"https:\/\/xn--ltkkirppis-q5ac.fi\/?hp_listing=testi1\">testi1<\/a><\/h4>\n      <div class=\"hp-listing__details hp-listing__details--primary\">\n        <time class=\"hp-listing__created-date hp-listing__date hp-meta\">Lis\u00e4tty 03.12.2025<\/time>\n      <\/div>\n      <div class=\"hp-block hp-listing__attributes hp-listing__attributes--ternary\">\n        <div class=\"hp-listing__attribute hp-listing__attribute--sijainti\">\n          <i class=\"hp-icon fas fa-fw fa-map-marked-alt\"><\/i> Ahvenanmaa\n        <\/div>\n      <\/div>\n    <\/div>\n    <footer class=\"hp-listing__footer\">\n      <div class=\"hp-block hp-listing__attributes hp-listing__attributes--primary\">\n        <div class=\"hp-listing__attribute hp-listing__attribute--hinta\">\n          <i class=\"hp-icon fas fa-fw fa-wallet\"><\/i> 12 \u20ac\n        <\/div>\n      <\/div>\n    <\/footer>\n  <\/article>\n<\/div><div class=\"hp-grid__item hp-col-sm-3 hp-col-xs-12\">\n  <article class=\"hp-listing hp-listing--view-block\">\n    <header class=\"hp-listing__header\">\n      <div class=\"hp-listing__image\" data-component=\"carousel-slider\" data-preview=\"false\" data-url=\"https:\/\/xn--ltkkirppis-q5ac.fi\/?hp_listing=3310\">\n        <a href=\"https:\/\/xn--ltkkirppis-q5ac.fi\/?hp_listing=3310\">\n          <img decoding=\"async\" src=\"https:\/\/golfkirppis.fi\/wp-content\/plugins\/hivepress\/assets\/images\/placeholders\/image-landscape.svg\" alt=\"\" loading=\"lazy\">\n        <\/a>\n      <\/div>\n    <\/header>\n    <div class=\"hp-listing__content\">\n      <div class=\"hp-listing__categories hp-listing__category\">\n        <a href=\"https:\/\/xn--ltkkirppis-q5ac.fi\/?hp_listing_category=kaulasuojat\">Kaulasuojat<\/a>\n      <\/div>\n      <h4 class=\"hp-listing__title\"><a href=\"https:\/\/xn--ltkkirppis-q5ac.fi\/?hp_listing=3310\"><\/a><\/h4>\n      <div class=\"hp-listing__details hp-listing__details--primary\">\n        <time class=\"hp-listing__created-date hp-listing__date hp-meta\">Lis\u00e4tty 03.12.2025<\/time>\n      <\/div>\n      <div class=\"hp-block hp-listing__attributes hp-listing__attributes--ternary\">\n        <div class=\"hp-listing__attribute hp-listing__attribute--sijainti\">\n          <i class=\"hp-icon fas fa-fw fa-map-marked-alt\"><\/i> Ahvenanmaa\n        <\/div>\n      <\/div>\n    <\/div>\n    <footer class=\"hp-listing__footer\">\n      <div class=\"hp-block hp-listing__attributes hp-listing__attributes--primary\">\n        <div class=\"hp-listing__attribute hp-listing__attribute--hinta\">\n          <i class=\"hp-icon fas fa-fw fa-wallet\"><\/i> 99 \u20ac\n        <\/div>\n      <\/div>\n    <\/footer>\n  <\/article>\n<\/div><\/div><\/div>\n<\/div><\/div>\n<\/div>\n\n\n\n<div class=\"wp-block-column sarake-mainos-group-7 is-layout-flow wp-block-column-is-layout-flow\" style=\"flex-basis:25%\"><!-- Either there are no banners, they are disabled or none qualified for this location! --><\/div>\n<\/div>\n\n\n<!-- Error, Advert is not available at this time due to schedule\/geolocation restrictions! -->\n\n\n<div style=\"height:1rem\" aria-hidden=\"true\" class=\"wp-block-spacer\"><\/div>\n\n\n\n<div class=\"wp-block-columns is-layout-flex wp-container-core-columns-is-layout-9d6595d7 wp-block-columns-is-layout-flex\">\n<div class=\"wp-block-column is-layout-flow wp-block-column-is-layout-flow\" style=\"flex-basis:75%\">\n<div class=\"wp-block-group\"><div class=\"wp-block-group__inner-container is-layout-constrained wp-block-group-is-layout-constrained\">\n<\/div><\/div>\n<\/div>\n\n\n\n<div class=\"wp-block-column sarake-mainos-group-8 is-layout-flow wp-block-column-is-layout-flow\" style=\"flex-basis:25%\"><!-- Either there are no banners, they are disabled or none qualified for this location! --><\/div>\n<\/div>\n\n\n<!-- Either there are no banners, they are disabled or none qualified for this location! -->\n\n\n<div style=\"height:4rem\" aria-hidden=\"true\" class=\"wp-block-spacer\"><\/div>\n\n\n\n<p><strong>L\u00e4tk\u00e4kirppis.fi\u2013 K\u00e4ytetyt ja uudet luistimet, tarvikkeet ja varusteet helposti yhdest\u00e4 paikasta<\/strong><\/p>\n\n\n\n<p>Etsitk\u00f6 laadukkaita <strong>j\u00e4\u00e4kiekkoluistimia, -tarvikkeita tai -varusteita<\/strong> edullisesti ja helposti <strong>L\u00e4tk\u00e4kirppis.fi<\/strong> on Suomen ainoa kohdennettu myyntialusta, joka on suunniteltu juuri j\u00e4\u00e4kiekkoharrastajille \u2013 olitpa sitten aloitteleva tai kokeneempi pelaaja. Meilt\u00e4 l\u00f6yd\u00e4t varusteet ja tarvikkeet my\u00f6s muihin lajeihin esim: <strong>j\u00e4\u00e4pallo, kaukalopallo ja ringette<\/strong>.<\/p>\n\n\n\n<p><strong>L\u00e4tk\u00e4kirppis.fi \u2013 J\u00e4\u00e4urheilukaupan uusi koti.<\/strong><\/p>\n\n\n\n<p><\/p>\n<\/div><\/div>\n","protected":false},"excerpt":{"rendered":"<p>Uusimmat ilmoitukset L\u00e4tk\u00e4kirppis.fi\u2013 K\u00e4ytetyt ja uudet luistimet, tarvikkeet ja varusteet helposti yhdest\u00e4 paikasta Etsitk\u00f6 laadukkaita j\u00e4\u00e4kiekkoluistimia, -tarvikkeita tai -varusteita edullisesti ja helposti L\u00e4tk\u00e4kirppis.fi on Suomen ainoa kohdennettu myyntialusta, joka on suunniteltu juuri j\u00e4\u00e4kiekkoharrastajille \u2013 olitpa sitten aloitteleva tai kokeneempi pelaaja. Meilt\u00e4 l\u00f6yd\u00e4t varusteet ja tarvikkeet my\u00f6s muihin lajeihin esim: j\u00e4\u00e4pallo, kaukalopallo ja ringette. L\u00e4tk\u00e4kirppis.fi \u2013 [&hellip;]<\/p>\n","protected":false},"author":1,"featured_media":0,"parent":0,"menu_order":0,"comment_status":"closed","ping_status":"closed","template":"","meta":{"footnotes":""},"class_list":["post-69","page","type-page","status-publish","hentry"],"_links":{"self":[{"href":"https:\/\/xn--ltkkirppis-q5ac.fi\/index.php?rest_route=\/wp\/v2\/pages\/69","targetHints":{"allow":["GET"]}}],"collection":[{"href":"https:\/\/xn--ltkkirppis-q5ac.fi\/index.php?rest_route=\/wp\/v2\/pages"}],"about":[{"href":"https:\/\/xn--ltkkirppis-q5ac.fi\/index.php?rest_route=\/wp\/v2\/types\/page"}],"author":[{"embeddable":true,"href":"https:\/\/xn--ltkkirppis-q5ac.fi\/index.php?rest_route=\/wp\/v2\/users\/1"}],"replies":[{"embeddable":true,"href":"https:\/\/xn--ltkkirppis-q5ac.fi\/index.php?rest_route=%2Fwp%2Fv2%2Fcomments&post=69"}],"version-history":[{"count":98,"href":"https:\/\/xn--ltkkirppis-q5ac.fi\/index.php?rest_route=\/wp\/v2\/pages\/69\/revisions"}],"predecessor-version":[{"id":3312,"href":"https:\/\/xn--ltkkirppis-q5ac.fi\/index.php?rest_route=\/wp\/v2\/pages\/69\/revisions\/3312"}],"wp:attachment":[{"href":"https:\/\/xn--ltkkirppis-q5ac.fi\/index.php?rest_route=%2Fwp%2Fv2%2Fmedia&parent=69"}],"curies":[{"name":"wp","href":"https:\/\/api.w.org\/{rel}","templated":true}]}}